{"id":206,"date":"2019-06-06T17:17:16","date_gmt":"2019-06-06T14:17:16","guid":{"rendered":"https:\/\/mahtraperearstikeskus.ee\/?page_id=206"},"modified":"2024-06-02T11:26:56","modified_gmt":"2024-06-02T08:26:56","slug":"kontakt","status":"publish","type":"page","link":"https:\/\/mahtraperearstikeskus.ee\/?page_id=206","title":{"rendered":"Kontakt"},"content":{"rendered":"<p>[et_pb_section fb_built=&#187;1&#8243; fullwidth=&#187;on&#187; _builder_version=&#187;3.22.3&#8243; background_color=&#187;#2ea3f2&#8243; use_background_color_gradient=&#187;on&#187; background_color_gradient_start=&#187;#2ea3f2&#8243; background_color_gradient_end=&#187;#2e6df4&#8243; background_color_gradient_direction=&#187;330deg&#187;][et_pb_fullwidth_header title=&#187;Kontakt&#187; content_max_width=&#187;none&#187; _builder_version=&#187;3.24.1&#8243; title_font=&#187;Roboto|||on|||||&#187; title_font_size=&#187;25px&#187; background_color=&#187;#0398d8&#8243; custom_padding=&#187;22px||22px|||&#187; custom_padding_tablet=&#187;18px||18px|&#187; custom_padding_phone=&#187;5px||5px&#187; custom_padding_last_edited=&#187;on|phone&#187; button_one_text_size__hover_enabled=&#187;off&#187; button_two_text_size__hover_enabled=&#187;off&#187; button_one_text_color__hover_enabled=&#187;off&#187; button_two_text_color__hover_enabled=&#187;off&#187; button_one_border_width__hover_enabled=&#187;off&#187; button_two_border_width__hover_enabled=&#187;off&#187; button_one_border_color__hover_enabled=&#187;off&#187; button_two_border_color__hover_enabled=&#187;off&#187; button_one_border_radius__hover_enabled=&#187;off&#187; button_two_border_radius__hover_enabled=&#187;off&#187; button_one_letter_spacing__hover_enabled=&#187;off&#187; button_two_letter_spacing__hover_enabled=&#187;off&#187; button_one_bg_color__hover_enabled=&#187;off&#187; button_two_bg_color__hover_enabled=&#187;off&#187;][\/et_pb_fullwidth_header][\/et_pb_section][et_pb_section fb_built=&#187;1&#8243; admin_label=&#187;Market Information Section&#187; _builder_version=&#187;3.23.3&#8243; custom_padding=&#187;0px||1px|||&#187; locked=&#187;off&#187;][et_pb_row column_structure=&#187;1_3,2_3&#8243; custom_padding_last_edited=&#187;on|phone&#187; admin_label=&#187;Market Information Title Area&#187; _builder_version=&#187;3.25&#8243; custom_padding=&#187;50px|0px|40px|0px||&#187; custom_padding_tablet=&#187;35px||30px|&#187; custom_padding_phone=&#187;30px||&#187;][et_pb_column type=&#187;1_3&#8243; _builder_version=&#187;3.25&#8243; custom_padding=&#187;|||&#187; custom_padding__hover=&#187;|||&#187;][et_pb_text admin_label=&#187;Title&#187; _builder_version=&#187;3.27.4&#8243; text_font=&#187;||||||||&#187; header_font=&#187;||||||||&#187; header_2_font=&#187;Roboto|700||on|||||&#187; header_2_text_color=&#187;#0289c1&#8243; header_2_font_size=&#187;28px&#187; header_2_line_height=&#187;1.5em&#187; custom_padding=&#187;|||&#187; animation_direction=&#187;left&#187;]<\/p>\n<h2 style=\"text-align: left;\">V\u00f5ta meiega \u00fchendust<\/h2>\n<p>[\/et_pb_text][\/et_pb_column][et_pb_column type=&#187;2_3&#8243; _builder_version=&#187;3.25&#8243; custom_padding=&#187;|||&#187; custom_padding__hover=&#187;|||&#187;][et_pb_text _builder_version=&#187;3.27.4&#8243; text_font=&#187;Nunito||||||||&#187; text_text_color=&#187;#4c4c4c&#187; text_line_height=&#187;1.8em&#187; header_font=&#187;||||||||&#187; custom_margin=&#187;0px||&#187; custom_margin_tablet=&#187;-8px|||&#187; custom_margin_phone=&#187;-20px|||&#187; custom_margin_last_edited=&#187;on|phone&#187; animation_direction=&#187;left&#187;]Perearsti vastuv\u00f5tule palume alati registreerida. Kui vastuv\u00f5tule tuleb mitu isikut \u00fchest perekonnast, palume panna vastuv\u00f5tuaeg igale pereliikmele. Kui Teil on aeg vastuv\u00f5tule broneeritud, kuid mingil p\u00f5hjusel Te vastuv\u00f5tule tulla ei saa, palume sellest teada anda telefonil +372 60 147 22.[\/et_pb_text][\/et_pb_column][\/et_pb_row][et_pb_row _builder_version=&#187;3.25&#8243; custom_margin=&#187;-24px|auto|-5px|auto||&#187; custom_margin_tablet=&#187;||-12px|&#187; custom_margin_phone=&#187;||-15px&#187; custom_margin_last_edited=&#187;on|desktop&#187; custom_padding=&#187;22px|||||&#187;][et_pb_column type=&#187;4_4&#8243; _builder_version=&#187;3.25&#8243; custom_padding=&#187;|||&#187; custom_padding__hover=&#187;|||&#187;][et_pb_divider color=&#187;#0289c1&#8243; divider_weight=&#187;3px&#187; _builder_version=&#187;3.23.3&#8243;][\/et_pb_divider][\/et_pb_column][\/et_pb_row][et_pb_row column_structure=&#187;1_3,1_3,1_3&#8243; admin_label=&#187;Market Openning Schedule&#187; _builder_version=&#187;4.5.3&#8243; custom_padding=&#187;1px|0px|50px|0px||&#187; animation_style=&#187;fade&#187;][et_pb_column type=&#187;1_3&#8243; _builder_version=&#187;3.25&#8243; custom_padding=&#187;|||&#187; custom_padding__hover=&#187;|||&#187;][et_pb_text admin_label=&#187;Title&#187; _builder_version=&#187;4.5.3&#8243; text_font=&#187;||||||||&#187; header_font=&#187;||||||||&#187; header_2_font=&#187;||||||||&#187; header_3_font=&#187;Roboto|700|||||||&#187; header_3_text_color=&#187;#0289c1&#8243; header_3_font_size=&#187;18px&#187; header_3_line_height=&#187;1.5em&#187; header_4_font=&#187;Nunito||||||||&#187; header_4_text_color=&#187;#4c4c4c&#187; header_4_font_size=&#187;15px&#187; header_4_line_height=&#187;1.5em&#187; custom_margin=&#187;||15px|&#187;]<\/p>\n<h3>T\u00d6\u00d6AEG<\/h3>\n<h4>Esmasp\u00e4evast &#8212; Neljap\u00e4evani<br \/>\n8:00 &#8212; 18:00<\/h4>\n<h4>Reedel<br \/>\n8:00 &#8212; 16:00<\/h4>\n<p>[\/et_pb_text][\/et_pb_column][et_pb_column type=&#187;1_3&#8243; _builder_version=&#187;3.25&#8243; custom_padding=&#187;|||&#187; custom_padding__hover=&#187;|||&#187;][et_pb_text admin_label=&#187;Title&#187; _builder_version=&#187;4.5.3&#8243; text_font=&#187;||||||||&#187; header_font=&#187;||||||||&#187; header_2_font=&#187;||||||||&#187; header_3_font=&#187;Roboto|700|||||||&#187; header_3_text_color=&#187;#0289c1&#8243; header_3_font_size=&#187;18px&#187; header_3_line_height=&#187;1.5em&#187; header_4_font=&#187;Nunito||||||||&#187; header_4_text_color=&#187;#4c4c4c&#187; header_4_font_size=&#187;15px&#187; header_4_line_height=&#187;1.5em&#187; custom_margin=&#187;||15px|&#187; locked=&#187;off&#187;]<\/p>\n<h3>KONTAKTI ANDMEID<\/h3>\n<h4>Registratuuri telefon<br \/>\n+372 60 14 722<\/h4>\n<h4>Email<br \/>\nmahtrapak@gmail.com<\/h4>\n<p>[\/et_pb_text][\/et_pb_column][et_pb_column type=&#187;1_3&#8243; _builder_version=&#187;3.25&#8243; custom_padding=&#187;|||&#187; custom_padding__hover=&#187;|||&#187;][et_pb_text admin_label=&#187;Title&#187; _builder_version=&#187;4.5.3&#8243; text_font=&#187;Nunito||||||||&#187; text_text_color=&#187;#4c4c4c&#187; header_font=&#187;||||||||&#187; header_2_font=&#187;||||||||&#187; header_3_font=&#187;Roboto|700|||||||&#187; header_3_text_color=&#187;#0289c1&#8243; header_3_font_size=&#187;18px&#187; header_3_line_height=&#187;1.5em&#187; header_4_font=&#187;Nunito||||||||&#187; header_4_text_color=&#187;#4c4c4c&#187; header_4_font_size=&#187;15px&#187; header_4_line_height=&#187;1.5em&#187; custom_margin=&#187;||15px|&#187; locked=&#187;off&#187;]<\/p>\n<h3>ASUKOHT<\/h3>\n<h4>Mahtra 48, I-korrus,<br \/>\nLasnam\u00e4e piirkond,<br \/>\n13812 Tallinn,<br \/>\nEstonia<\/h4>\n<p>[\/et_pb_text][\/et_pb_column][\/et_pb_row][\/et_pb_section][et_pb_section fb_built=&#187;1&#8243; admin_label=&#187;Footer Section&#187; _builder_version=&#187;3.23.3&#8243; background_color=&#187;#0289c1&#8243; custom_margin=&#187;-5px|||||&#187; custom_padding=&#187;0px|0px|14px|0px||&#187; saved_tabs=&#187;all&#187;][et_pb_row column_structure=&#187;1_4,1_4,1_4,1_4&#8243; admin_label=&#187;Footer Row&#187; _builder_version=&#187;3.25&#8243; max_width=&#187;1150px&#187; custom_padding=&#187;49px|||||&#187;][et_pb_column type=&#187;1_4&#8243; _builder_version=&#187;3.25&#8243; custom_padding=&#187;|||&#187; custom_padding__hover=&#187;|||&#187;][et_pb_text admin_label=&#187;Links&#187; _builder_version=&#187;4.5.3&#8243; text_font=&#187;Nunito||||||||&#187; text_text_color=&#187;#ffffff&#187; text_font_size=&#187;13px&#187; text_line_height=&#187;1.4em&#187; link_font=&#187;Open Sans|600|||||||&#187; link_text_color=&#187;#ffffff&#187; link_line_height=&#187;2.5em&#187; header_font=&#187;Montserrat||||||||&#187; header_2_font=&#187;||||||||&#187; header_3_font=&#187;||||||||&#187; header_6_font=&#187;Roboto|700||on|||||&#187; header_6_text_color=&#187;rgba(255,255,255,0.4)&#187; header_6_letter_spacing=&#187;2px&#187; header_6_line_height=&#187;1.7em&#187; background_layout=&#187;dark&#187; module_alignment=&#187;center&#187; custom_margin=&#187;|||&#187; custom_margin_tablet=&#187;0px|||&#187; custom_margin_phone=&#187;|||&#187; custom_margin_last_edited=&#187;off|desktop&#187; text_line_height_last_edited=&#187;off|desktop&#187;]<\/p>\n<h6>MAHTRA PAK O\u00dc<\/h6>\n<p>(+372) 60 14 722<\/p>\n<p>mahtrapak@gmail.com<\/p>\n<p>Mahtra 48, 13812 Tallinn<\/p>\n<p>Registrikood 11053413[\/et_pb_text][\/et_pb_column][et_pb_column type=&#187;1_4&#8243; _builder_version=&#187;3.25&#8243; custom_padding=&#187;|||&#187; custom_padding__hover=&#187;|||&#187;][et_pb_text admin_label=&#187;Links&#187; _builder_version=&#187;3.27.4&#8243; text_font=&#187;Nunito||||||||&#187; text_text_color=&#187;#ffffff&#187; text_font_size=&#187;13px&#187; text_line_height=&#187;1.4em&#187; link_font=&#187;Nunito||||||||&#187; link_text_color=&#187;#ffffff&#187; link_line_height=&#187;2.5em&#187; header_font=&#187;Montserrat||||||||&#187; header_2_font=&#187;||||||||&#187; header_3_font=&#187;||||||||&#187; header_6_font=&#187;Roboto|700||on|||||&#187; header_6_text_color=&#187;rgba(255,255,255,0.4)&#187; header_6_letter_spacing=&#187;2px&#187; header_6_line_height=&#187;1.7em&#187; background_layout=&#187;dark&#187; module_alignment=&#187;center&#187; custom_margin=&#187;||-9px|||&#187; custom_margin_tablet=&#187;0px|||&#187; custom_margin_phone=&#187;|||&#187; custom_margin_last_edited=&#187;off|desktop&#187; custom_padding=&#187;||6px|||&#187; text_line_height_last_edited=&#187;off|desktop&#187;]<\/p>\n<h6>Meie keskus<\/h6>\n<p><span style=\"text-decoration: underline;\"><a href=\"https:\/\/mahtraperearstikeskus.ee\/?page_id=192\">Vastuv\u00f5tule registreerimine<\/a><\/span>[\/et_pb_text][et_pb_text admin_label=&#187;Links&#187; _builder_version=&#187;3.27.4&#8243; text_font=&#187;Nunito||||||||&#187; text_text_color=&#187;#ffffff&#187; text_font_size=&#187;13px&#187; text_line_height=&#187;1.4em&#187; link_font=&#187;Nunito||||||||&#187; link_text_color=&#187;#ffffff&#187; link_line_height=&#187;2.5em&#187; header_font=&#187;Montserrat||||||||&#187; header_2_font=&#187;||||||||&#187; header_3_font=&#187;||||||||&#187; header_6_font=&#187;Roboto|700||on|||||&#187; header_6_text_color=&#187;rgba(255,255,255,0.4)&#187; header_6_letter_spacing=&#187;2px&#187; header_6_line_height=&#187;1.7em&#187; background_layout=&#187;dark&#187; module_alignment=&#187;center&#187; custom_margin=&#187;||-4px|||&#187; custom_margin_tablet=&#187;0px|||&#187; custom_margin_phone=&#187;|||&#187; custom_margin_last_edited=&#187;off|desktop&#187; text_line_height_last_edited=&#187;off|desktop&#187;]<span style=\"text-decoration: underline;\"><a href=\"https:\/\/mahtraperearstikeskus.ee\/?page_id=192#eriarstile suunamine\">Eriarstile suunamine<\/a><\/span>[\/et_pb_text][et_pb_text admin_label=&#187;Links&#187; _builder_version=&#187;3.27.4&#8243; text_font=&#187;Nunito||||||||&#187; text_text_color=&#187;#ffffff&#187; text_font_size=&#187;13px&#187; text_line_height=&#187;1.4em&#187; link_font=&#187;Nunito||||||||&#187; link_text_color=&#187;#ffffff&#187; link_line_height=&#187;2.5em&#187; header_font=&#187;Montserrat||||||||&#187; header_2_font=&#187;||||||||&#187; header_3_font=&#187;||||||||&#187; header_6_font=&#187;Roboto|700||on|||||&#187; header_6_text_color=&#187;rgba(255,255,255,0.4)&#187; header_6_letter_spacing=&#187;2px&#187; header_6_line_height=&#187;1.7em&#187; background_layout=&#187;dark&#187; module_alignment=&#187;center&#187; custom_margin=&#187;||-3px|||&#187; custom_margin_tablet=&#187;0px|||&#187; custom_margin_phone=&#187;|||&#187; custom_margin_last_edited=&#187;off|desktop&#187; text_line_height_last_edited=&#187;off|desktop&#187;]<span style=\"text-decoration: underline;\"><a href=\"https:\/\/mahtraperearstikeskus.ee\/?page_id=198\">Teenused ja Hinnakiri<\/a><\/span>[\/et_pb_text][et_pb_text admin_label=&#187;Links&#187; _builder_version=&#187;3.27.4&#8243; text_font=&#187;Nunito||||||||&#187; text_text_color=&#187;#ffffff&#187; text_font_size=&#187;13px&#187; text_line_height=&#187;1.4em&#187; link_font=&#187;Nunito||||||||&#187; link_text_color=&#187;#ffffff&#187; link_line_height=&#187;2.5em&#187; header_font=&#187;Montserrat||||||||&#187; header_2_font=&#187;||||||||&#187; header_3_font=&#187;||||||||&#187; header_6_font=&#187;Roboto|700||on|||||&#187; header_6_text_color=&#187;rgba(255,255,255,0.4)&#187; header_6_letter_spacing=&#187;2px&#187; header_6_line_height=&#187;1.7em&#187; background_layout=&#187;dark&#187; module_alignment=&#187;center&#187; custom_margin=&#187;|||&#187; custom_margin_tablet=&#187;0px|||&#187; custom_margin_phone=&#187;|||&#187; custom_margin_last_edited=&#187;off|desktop&#187; text_line_height_last_edited=&#187;off|desktop&#187;]<a href=\"https:\/\/mahtraperearstikeskus.ee\/?page_id=195\"><span style=\"text-decoration: underline;\">Personal ja vastuv\u00f5tu aeg<\/span><\/a>[\/et_pb_text][\/et_pb_column][et_pb_column type=&#187;1_4&#8243; _builder_version=&#187;3.25&#8243; custom_padding=&#187;|||&#187; custom_padding__hover=&#187;|||&#187;][et_pb_text admin_label=&#187;Links&#187; _builder_version=&#187;3.27.4&#8243; text_font=&#187;Nunito||||||||&#187; text_text_color=&#187;#ffffff&#187; text_font_size=&#187;13px&#187; text_line_height=&#187;1.4em&#187; link_font=&#187;Nunito||||||||&#187; link_text_color=&#187;#ffffff&#187; link_line_height=&#187;2.5em&#187; header_font=&#187;Montserrat||||||||&#187; header_2_font=&#187;||||||||&#187; header_3_font=&#187;||||||||&#187; header_6_font=&#187;Roboto|700||on|||||&#187; header_6_text_color=&#187;rgba(255,255,255,0.4)&#187; header_6_letter_spacing=&#187;2px&#187; header_6_line_height=&#187;1.7em&#187; background_layout=&#187;dark&#187; module_alignment=&#187;center&#187; custom_margin=&#187;||-9px|||&#187; custom_margin_tablet=&#187;0px|||&#187; custom_margin_phone=&#187;|||&#187; custom_margin_last_edited=&#187;off|desktop&#187; custom_padding=&#187;||4px|||&#187; text_line_height_last_edited=&#187;off|desktop&#187;]<\/p>\n<h6>teadmine<\/h6>\n<p><a href=\"https:\/\/mahtraperearstikeskus.ee\/?page_id=192#erakorraline\"><span style=\"text-decoration: underline;\">Erakorraline abi<\/span><\/a>[\/et_pb_text][et_pb_text admin_label=&#187;Links&#187; _builder_version=&#187;3.27.4&#8243; text_font=&#187;Nunito||||||||&#187; text_text_color=&#187;#ffffff&#187; text_font_size=&#187;13px&#187; text_line_height=&#187;1.4em&#187; link_font=&#187;Nunito||||||||&#187; link_text_color=&#187;#ffffff&#187; link_line_height=&#187;2.5em&#187; header_font=&#187;Montserrat||||||||&#187; header_2_font=&#187;||||||||&#187; header_3_font=&#187;||||||||&#187; header_6_font=&#187;Roboto|700||on|||||&#187; header_6_text_color=&#187;rgba(255,255,255,0.4)&#187; header_6_letter_spacing=&#187;2px&#187; header_6_line_height=&#187;1.7em&#187; background_layout=&#187;dark&#187; module_alignment=&#187;center&#187; custom_margin=&#187;-11px||-10px|||&#187; custom_margin_tablet=&#187;0px|||&#187; custom_margin_phone=&#187;|||&#187; custom_margin_last_edited=&#187;off|desktop&#187; custom_padding=&#187;2px||3px|||&#187; text_line_height_last_edited=&#187;off|desktop&#187;]<a href=\"https:\/\/mahtraperearstikeskus.ee\/?p=558\"><span style=\"text-decoration: underline;\">Perearst v\u00f5i EMO?<\/span><\/a>[\/et_pb_text][et_pb_text admin_label=&#187;Links&#187; _builder_version=&#187;3.27.4&#8243; text_font=&#187;Nunito||||||||&#187; text_text_color=&#187;#ffffff&#187; text_font_size=&#187;13px&#187; text_line_height=&#187;1.4em&#187; link_font=&#187;Nunito||||||||&#187; link_text_color=&#187;#ffffff&#187; link_line_height=&#187;2.5em&#187; header_font=&#187;Montserrat||||||||&#187; header_2_font=&#187;||||||||&#187; header_3_font=&#187;||||||||&#187; header_6_font=&#187;Roboto|700||on|||||&#187; header_6_text_color=&#187;rgba(255,255,255,0.4)&#187; header_6_letter_spacing=&#187;2px&#187; header_6_line_height=&#187;1.7em&#187; background_layout=&#187;dark&#187; module_alignment=&#187;center&#187; custom_margin=&#187;2px||-7px|||&#187; custom_margin_tablet=&#187;0px|||&#187; custom_margin_phone=&#187;|||&#187; custom_margin_last_edited=&#187;off|desktop&#187; text_line_height_last_edited=&#187;off|desktop&#187;]<a href=\"https:\/\/mahtraperearstikeskus.ee\/?page_id=192#kasulik informatsioon\"><span style=\"text-decoration: underline;\">Ravikindlustamata patsientide <\/span><\/a>[\/et_pb_text][et_pb_text admin_label=&#187;Links&#187; _builder_version=&#187;4.5.3&#8243; text_font=&#187;Nunito||||||||&#187; text_text_color=&#187;#ffffff&#187; text_font_size=&#187;13px&#187; text_line_height=&#187;1.4em&#187; link_font=&#187;Nunito||||||||&#187; link_text_color=&#187;#ffffff&#187; link_line_height=&#187;2.5em&#187; header_font=&#187;Montserrat||||||||&#187; header_2_font=&#187;||||||||&#187; header_3_font=&#187;||||||||&#187; header_6_font=&#187;Roboto|700||on|||||&#187; header_6_text_color=&#187;rgba(255,255,255,0.4)&#187; header_6_letter_spacing=&#187;2px&#187; header_6_line_height=&#187;1.7em&#187; background_layout=&#187;dark&#187; module_alignment=&#187;center&#187; custom_margin=&#187;|||&#187; custom_margin_tablet=&#187;0px|||&#187; custom_margin_phone=&#187;|||&#187; custom_margin_last_edited=&#187;off|desktop&#187; custom_padding=&#187;3px|||||&#187; hover_enabled=&#187;0&#8243; text_line_height_last_edited=&#187;off|desktop&#187;]<a href=\"https:\/\/mahtraperearstikeskus.ee\/?page_id=192#kasulik viited\"><span style=\"text-decoration: underline;\">Kasulik informatsioon<\/span><\/a>[\/et_pb_text][\/et_pb_column][et_pb_column type=&#187;1_4&#8243; _builder_version=&#187;3.25&#8243; custom_padding=&#187;|||&#187; custom_padding__hover=&#187;|||&#187;][et_pb_text admin_label=&#187;Links&#187; _builder_version=&#187;3.27.4&#8243; text_font=&#187;Nunito||||||||&#187; text_text_color=&#187;#ffffff&#187; text_font_size=&#187;13px&#187; text_line_height=&#187;1.4em&#187; link_font=&#187;Nunito|700|||||||&#187; link_text_color=&#187;#ffffff&#187; link_line_height=&#187;2.5em&#187; header_font=&#187;Montserrat||||||||&#187; header_2_font=&#187;||||||||&#187; header_3_font=&#187;||||||||&#187; header_6_font=&#187;Montserrat|500||on|||||&#187; header_6_text_color=&#187;rgba(255,255,255,0.4)&#187; header_6_letter_spacing=&#187;1px&#187; header_6_line_height=&#187;1.7em&#187; background_layout=&#187;dark&#187; module_alignment=&#187;center&#187; custom_margin=&#187;|||&#187; custom_margin_tablet=&#187;0px|||&#187; custom_margin_phone=&#187;|||&#187; custom_margin_last_edited=&#187;off|desktop&#187; text_line_height_last_edited=&#187;off|desktop&#187;]Lugupeetud patsiendid, Te saate leida kogu praeguse informatsiooni meist <strong><span style=\"text-decoration: underline;\"><a href=\"https:\/\/mahtraperearstikeskus.ee\/?page_id=209\">siin.<\/a><\/span><\/strong><\/p>\n<p>Palume Teil j\u00e4tta <strong><span style=\"text-decoration: underline;\"><span style=\"text-decoration: underline;\"><a href=\"https:\/\/mahtraperearstikeskus.ee\/?page_id=201\">tagasiside.<\/a><\/span><\/span><\/strong> Teie arvamus on meile v\u00e4ga t\u00e4htis. T\u00e4name ![\/et_pb_text][\/et_pb_column][\/et_pb_row][\/et_pb_section]<\/p>\n","protected":false},"excerpt":{"rendered":"<p>[et_pb_section fb_built=&#187;1&#8243; fullwidth=&#187;on&#187; _builder_version=&#187;3.22.3&#8243; background_color=&#187;#2ea3f2&#8243; use_background_color_gradient=&#187;on&#187; background_color_gradient_start=&#187;#2ea3f2&#8243; background_color_gradient_end=&#187;#2e6df4&#8243; background_color_gradient_direction=&#187;330deg&#187;][et_pb_fullwidth_header title=&#187;Kontakt&#187; content_max_width=&#187;none&#187; _builder_version=&#187;3.24.1&#8243; title_font=&#187;Roboto|||on|||||&#187; title_font_size=&#187;25px&#187; background_color=&#187;#0398d8&#8243; custom_padding=&#187;22px||22px|||&#187; custom_padding_tablet=&#187;18px||18px|&#187; custom_padding_phone=&#187;5px||5px&#187; custom_padding_last_edited=&#187;on|phone&#187; button_one_text_size__hover_enabled=&#187;off&#187; button_two_text_size__hover_enabled=&#187;off&#187; button_one_text_color__hover_enabled=&#187;off&#187; button_two_text_color__hover_enabled=&#187;off&#187; button_one_border_width__hover_enabled=&#187;off&#187; button_two_border_width__hover_enabled=&#187;off&#187; button_one_border_color__hover_enabled=&#187;off&#187; button_two_border_color__hover_enabled=&#187;off&#187; button_one_border_radius__hover_enabled=&#187;off&#187; button_two_border_radius__hover_enabled=&#187;off&#187; button_one_letter_spacing__hover_enabled=&#187;off&#187; button_two_letter_spacing__hover_enabled=&#187;off&#187; button_one_bg_color__hover_enabled=&#187;off&#187; button_two_bg_color__hover_enabled=&#187;off&#187;][\/et_pb_fullwidth_header][\/et_pb_section][et_pb_section fb_built=&#187;1&#8243; admin_label=&#187;Market Information Section&#187; _builder_version=&#187;3.23.3&#8243; custom_padding=&#187;0px||1px|||&#187; locked=&#187;off&#187;][et_pb_row column_structure=&#187;1_3,2_3&#8243; custom_padding_last_edited=&#187;on|phone&#187; admin_label=&#187;Market Information Title Area&#187; _builder_version=&#187;3.25&#8243; custom_padding=&#187;50px|0px|40px|0px||&#187; custom_padding_tablet=&#187;35px||30px|&#187; custom_padding_phone=&#187;30px||&#187;][et_pb_column type=&#187;1_3&#8243; _builder_version=&#187;3.25&#8243; custom_padding=&#187;|||&#187; custom_padding__hover=&#187;|||&#187;][et_pb_text admin_label=&#187;Title&#187; [&hellip;]<\/p>\n","protected":false},"author":1,"featured_media":0,"parent":0,"menu_order":0,"comment_status":"closed","ping_status":"closed","template":"","meta":{"_et_pb_use_builder":"on","_et_pb_old_content":"","_et_gb_content_width":"","footnotes":""},"class_list":["post-206","page","type-page","status-publish","hentry"],"_links":{"self":[{"href":"https:\/\/mahtraperearstikeskus.ee\/index.php?rest_route=\/wp\/v2\/pages\/206","targetHints":{"allow":["GET"]}}],"collection":[{"href":"https:\/\/mahtraperearstikeskus.ee\/index.php?rest_route=\/wp\/v2\/pages"}],"about":[{"href":"https:\/\/mahtraperearstikeskus.ee\/index.php?rest_route=\/wp\/v2\/types\/page"}],"author":[{"embeddable":true,"href":"https:\/\/mahtraperearstikeskus.ee\/index.php?rest_route=\/wp\/v2\/users\/1"}],"replies":[{"embeddable":true,"href":"https:\/\/mahtraperearstikeskus.ee\/index.php?rest_route=%2Fwp%2Fv2%2Fcomments&post=206"}],"version-history":[{"count":23,"href":"https:\/\/mahtraperearstikeskus.ee\/index.php?rest_route=\/wp\/v2\/pages\/206\/revisions"}],"predecessor-version":[{"id":1395,"href":"https:\/\/mahtraperearstikeskus.ee\/index.php?rest_route=\/wp\/v2\/pages\/206\/revisions\/1395"}],"wp:attachment":[{"href":"https:\/\/mahtraperearstikeskus.ee\/index.php?rest_route=%2Fwp%2Fv2%2Fmedia&parent=206"}],"curies":[{"name":"wp","href":"https:\/\/api.w.org\/{rel}","templated":true}]}}